 (o + u)/(2 + -1).
2
Suppose -4*r + 8 = -12. Suppose r*h - 3*b - 60 = -16, 3*h - 24 = b. Suppose w + 3 - h = 0. What are the prime factors of w?
2
Let i be -8*(0 - 1/2). Let t = 6 - i. List the prime factors of t.
2
Let i = -3 + 18. Suppose i = a - q, q + 4*q - 69 = -3*a. What are the prime factors of a?
2, 3
Suppose r + 4 = 3*r. Suppose 0 - 4 = -r*l. Suppose 0 = -g - p + 5, -l*g + 26 = 3*g + 4*p. List the prime factors of g.
2, 3
Let a(q) = -7*q - 3. Let u = 4 + -4. Suppose u = -2*n - 4. What are the prime factors of a(n)?
11
Suppose 0 = -u - 4 + 9. Suppose -u*m = -0*m - 10. What are the prime factors of m?
2
Let q(j) = -j**3 - 13*j**2 + 13*j - 31. What are the prime factors of q(-15)?
2, 7
Let n = 341 - 493. Let o = n + 105. Let y = -32 - o. List the prime factors of y.
3, 5
Let c(y) = -y**3 - 5*y**2 - 8*y - 3. What are the prime factors of c(-6)?
3
Suppose -s - 3*s - 3*j = -36, 5*j = -20. Let w be 2/(-4) + 7/2. Suppose -w*n + 0 = -s. List the prime factors of n.
2
Let k(j) = j**2 - j - 4. Let t be k(3). Let n = 3 + t. Suppose n*o - 11 = -3*f, -2*o - 11 = -o + 5*f. List the prime factors of o.
2
Let r = 87 + -35. List the prime factors of r.
2, 13
Let u(b) = -b**3 - 8*b**2 + 9*b + 20. List the prime factors of u(-9).
2, 5
Suppose -14*a - 519 = -4*o - 11*a, -o + 131 = -a. List the prime factors of o.
2, 3, 7
Let o = -299 + 426. List the prime factors of o.
127
Suppose 4*s = 2*v + 3*v - 111, 0 = 4*v + 4*s - 96. Let f = v + -11. List the prime factors of f.
2, 3
Suppose 6*l + 162 = -12*l. Let z(s) = s + 1. Let q(a) = 1. Let p(o) = 6*q(o) - z(o). List the prime factors of p(l).
2, 7
Suppose -4*u - 25 = -u - 4*h, 3*u = 3*h - 21. Let p(v) = -8*v + 2. List the prime factors of p(u).
2, 13
Let z = -62 + 98. What are the prime factors of z?
2, 3
Let h = -327 - -469. What are the prime factors of h?
2, 71
Let k = -3 + -6. Let s(y) = -y**2 - 8*y + 4. Let w be s(k). What are the prime factors of w/((-10)/8) + -2?
2
Let l be (-1 + 2/3)*-21. Let x(z) = z**3 + 8 + 0*z**3 - l*z + z**2 - 5*z**2 - z**2. What are the prime factors of x(6)?
2
Let j = -79 - -124. Suppose 0 = -3*m + j + 36. List the prime factors of m.
3
What are the prime factors of -107*(10/(-5))/2?
107
Suppose 2*i + 2*b - 20 = 0, i - 70 = -2*i + 5*b. What are the prime factors of i?
3, 5
Suppose 4*f = -3*n - 8, -10 = 5*n + 2*f + 3*f. List the prime factors of (-26)/(-2) + n - 1.
2, 3
Let n = 2 - 4. Let f be 2/(16/6)*8. What are the prime factors of (3/f)/(n/(-44))?
11
Let n(s) = s**3 - 3*s**2 + 3*s + 4. Let y(u) = -u**3 + 11*u**2 - 10*u + 3. Let c be y(10). List the prime factors of n(c).
13
List the prime factors of 3/((-9)/15) - -27.
2, 11
Suppose 4*p - 200 = i, -5*p - 3*i + 2*i = -259. List the prime factors of p.
3, 17
Let y = 3 + 0. What are the prime factors of (-7)/(28/(-60)) + y?
2, 3
Suppose -968 = -30*c + 26*c. What are the prime factors of c?
2, 11
Let y(p) = p**2 + 15*p. Let j be y(-15). Let c = 48 + -24. Suppose -c = -j*k - 4*k. What are the prime factors of k?
2, 3
Let o = 0 + 3. Suppose -s + 0 + 2 = 0. Suppose -4*k + o*f + 29 = 0, -23 = -3*k - f + s*f. What are the prime factors of k?
2
Suppose 2*a - 2*v - 12 = 12, 3*a - 5*v - 46 = 0. List the prime factors of a.
7
Suppose -s + 4*s - 48 = 0. List the prime factors of s.
2
Let i(p) = 5*p**2 + 4*p + 2. List the prime factors of i(-3).
5, 7
Suppose -125*u - 412 = -129*u. What are the prime factors of u?
103
Suppose 4*g + 12 = 0, 0*t + 4*g + 437 = 5*t. What are the prime factors of t?
5, 17
Suppose 5*m = 3*d + 9, 4*m = 6*m - d - 3. Suppose 2*y + 3*y - 220 = m. What are the prime factors of y?
2, 11
Let k be 0*(-1)/(-1) + -2. Let p = k + 8. Let n = 0 + p. What are the prime factors of n?
2, 3
Let b be (-10)/(-4)*(-24)/(-15). Suppose b*n + 15 - 43 = 0. What are the prime factors of n?
7
What are the prime factors of (-12)/(-8)*-2*-11?
3, 11
Let i(w) = -w**2 - 9*w + 6. Let y be i(-8). Suppose -5*f + y = -11. What are the prime factors of f?
5
Let t(i) be the third derivative of -i**4/24 + 2*i**3/3 + i**2. What are the prime factors of t(-3)?
7
What are the prime factors of 256/44 - (-2)/11?
2, 3
Suppose 0 = -5*q + 1 + 9. Suppose -q*k = 8, -k = 5*t - 0*t - 176. Let v = t - 19. What are the prime factors of v?
17
Suppose 0 = -5*b + 2*b. Suppose 30 = -b*i + 5*i. What are the prime factors of i?
2, 3
Suppose 2*c + 16 = 44. List the prime factors of c.
2, 7
Suppose -2*y - 3*t + 11 = -4, -2*y = -t - 35. Let r = y + -4. What are the prime factors of r?
11
Let q(u) = -u. List the prime factors of q(-4).
2
Let g = -10 + 126. Suppose 20 = -2*t + g. What are the prime factors of ((-2)/(-4))/(2/t)?
2, 3
Let u(y) = y**2 + y - 1. Let q(z) = -4*z**2 - 15*z + 14. Let j(h) = q(h) + 5*u(h). Let x be j(7). What are the prime factors of (42/x)/(2/(-4))?
7
Let r = 267 - 149. What are the prime factors of r?
2, 59
Suppose 3*o = -o + 144. List the prime factors of o.
2, 3
Let f = 16 + -40. Let r be ((-3)/(-6))/((-3)/f). Suppose 0 = r*g - 4*n - 28 - 20, -5*g + n = -60. What are the prime factors of g?
2, 3
Suppose v - 38 = -5*u - 2*v, 5*v = 4*u - 60. Suppose 5*i + 11 - 31 = -5*f, 0 = i + 4*f - u. List the prime factors of i.
2
Let d(f) = -f**2 - 10*f - 11. Let t be d(-9). Let j be (2 + 0 + -6)/t. Suppose 4*p - 35 = -5*z, 0*z + 14 = j*z - 5*p. List the prime factors of z.
7
Let y be 1 - 0/(-1) - -4. Suppose 0 = -5*f - y*m + m + 8, -5*f + 5*m = 10. Suppose -5*j + 52 = -0*j - 3*g, -4*j + g + 36 = f. What are the prime factors of j?
2
What are the prime factors of 185*1 - (-9 - -12)?
2, 7, 13
Let s = 5 - 3. Let t be -2*(-11)/s*1. Suppose 2 = -a + t. What are the prime factors of a?
3
Suppose -12 = -m - 2*m. Suppose 0 = -3*i - 5*t + 25, -4*i + m*t - 20 = -2*i. List the prime factors of (-18)/(i + 2)*-1.
3
Suppose 0 = -4*f + 91 + 41. List the prime factors of f.
3, 11
Let g be (-2)/(-4)*(0 - 0). List the prime factors of (-10)/(-2) + g/2.
5
Suppose 134 = 2*q + 2*m, q - 73 = m + m. List the prime factors of q.
3, 23
Let u = 239 - 107. Suppose 0*n - 3*n + u = 0. What are the prime factors of n?
2, 11
Suppose 2*g - 3*m = -3*g + 395, 2*g = -5*m + 127. Suppose 3*b = 2*x - 69, x - g = -2*x - b. What are the prime factors of x?
3
Let z(k) = -k**3 + 11. What are the prime factors of z(0)?
11
Let r be -22*4/8 + 4. What are the prime factors of (-238)/r - (5 - 1)?
2, 3, 5
Let q = 1 - 2. List the prime factors of q/(-7) + 40/14.
3
Suppose -10 = -4*r - 2, 0 = 2*k + 3*r - 8. List the prime factors of (-15)/(-4) + k/4.
2
Let p be (-6 + 9)*8/6. Let d be (-1 + 0)/((-2)/26). Suppose -p*c + d + 11 = 0. List the prime factors of c.
2, 3
What are the prime factors of 4*(3 - (-12)/(-8))?
2, 3
List the prime factors of 6/(-1)*(-34)/4.
3, 17
Let h(l) = -l + 2. Suppose -3*d = 9, 4*k + d + 5 = 5*k. Let y be h(k). Suppose 0 = -y*u - 3*u + 12. What are the prime factors of u?
2
Let b(n) = n + 2. Let f be b(0). Suppose -94 - f = -4*r. What are the prime factors of r?
2, 3
Let z = 8 + -5. Suppose 12 = -0*i + z*i. List the prime factors of i.
2
Let b(t) = -t + 6. Let h be b(4). Suppose h = -f - 0. List the prime factors of 7 - f - (-2 + 0).
11
Suppose 33*o + 120 = 38*o. List the prime factors of o.
2, 3
Let p = 8 - 3. Suppose 5*t = -3*f - 38, -p*f + 0*f = 2*t + 38. Let o = f + 10. What are the prime factors of o?
2
Suppose 3*q - 16 = -q. What are the prime factors of ((-184)/(-12))/(q/6)?
23
Let l(h) = -h**3 - 16*h**2 + 13*h - 37. List the prime factors of l(-17).
31
Let t = 156 - 24. Suppose t = 4*l - 0*l. Suppose 4*z + 5 = l. List the prime factors of z.
7
Suppose 5*p - 282 = 3*p. What are the prime factors of p?
3, 47
Suppose 0*b = 5*b - 100. Let r = -9 - b. Let z = -14 - r. List the prime factors of z.
3, 5
List the prime factors of 2/(0 + 1/14).
2, 7
Suppose 4*x - 8 = 3*x - 2*v, -4*x = -5*v - 32. Let i be (-1)/4 - 54/x. List the prime factors of i/(-1 - 1 - -1).
7
Suppose -2*z + 8 = 2*b, -4*b + 2 + 2 = z. Suppose -4*x + 118 - 46 = b. List the prime factors of x.
2, 3
Let q(k) = k**2 + 3*k - 2. List the prime factors of q(4).
2, 13
Let y = 8 - -62. Suppose 10*o - 5*o - y = 0. List the prime factors of o.
2, 7
Let p = 4 + -1. What are the prime factors of p?
3
Let l(c) = -15*c**3 - 5*c**2 - 1. Let t(b) = 14*b**3 + 6*b**2 + 1. Let z(v) = -6*l(v) - 5*t(v). What are the prime factors of z(